{"id":72,"date":"2024-01-01T16:32:26","date_gmt":"2024-01-01T20:32:26","guid":{"rendered":"https:\/\/paleo.dbvision360.com\/?page_id=72"},"modified":"2024-01-01T18:06:27","modified_gmt":"2024-01-01T22:06:27","slug":"geologie","status":"publish","type":"page","link":"https:\/\/paleo.dbvision360.com\/index.php\/geologie\/","title":{"rendered":"G\u00c9OLOGIE"},"content":{"rendered":"\n<p><strong>Sur ces pages nous verrons ce qu\u2019est une formation rocheuse, une roche, une pierre et une gemme. L\u2019histoire g\u00e9ologique de ma r\u00e9gion (Cowansville), remonte \u00e0 des millions d\u2019ann\u00e9es. Gr\u00e2ce aux fossiles que l\u2019on trouve dans certaines roches on peut conna\u00eetre une partie de l\u2019histoire des \u00eatres qui y ont v\u00e9cus. Les fossiles qu&rsquo;on trouve sont comme une fen\u00eatre dans l&rsquo;histoire et le temps!<\/strong><br><\/p>\n\n\n\n<div class=\"wp-block-group alignfull has-global-padding is-layout-constrained wp-block-group-is-layout-constrained\">\n<h2 class=\"wp-block-heading alignwide has-text-align-center\"><strong>COWANSVILLE,<br>IL Y A 460 MILLIONS D&rsquo;ANN\u00c9ES<\/strong><br><\/h2>\n\n\n\n<figure class=\"wp-block-image aligncenter size-full\"><a href=\"http:\/\/palaeos.com\/paleozoic\/ordovician\/ordovician.html\"><img loading=\"lazy\" decoding=\"async\" width=\"336\" height=\"234\" src=\"https:\/\/paleo.dbvision360.com\/wp-content\/uploads\/2024\/01\/ord04b.gif\" alt=\"Diorama ordovicien\" class=\"wp-image-356\"\/><\/a><figcaption class=\"wp-element-caption\">Photo, courtoisie:  <a href=\"http:\/\/palaeos.com\/paleozoic\/ordovician\/ordovician.html\">Pal\u00e6os: Paleozoic<\/a><\/figcaption><\/figure>\n<\/div>\n\n\n\n<p><strong><u>OC\u00c9AN IAP\u00c9TUS<\/u><\/strong><\/p>\n\n\n\n<div class=\"wp-block-group has-global-padding is-layout-constrained wp-block-group-is-layout-constrained\">\n<p><strong>Cowansville est maintenant une ville situ\u00e9e sur le continent bien loin de la mer. Comment peut-on y retrouver des restes de coquillage fossilis\u00e9s? Il y a plusieurs millions d&rsquo;ann\u00e9es, cette partie du continent nord-am\u00e9ricain \u00e9tait enfouie sous l&rsquo;oc\u00e9an Iapetus. Cet oc\u00e9an a lentement disparu lors du d\u00e9placement des continents caus\u00e9s par le mouvement des&nbsp;<a href=\"http:\/\/www.ggl.ulaval.ca\/planete_terre.html\" target=\"_blank\" rel=\"noreferrer noopener\">plaques tectoniques<\/a>.&nbsp;Certaines roches roches s\u00e9dimentaires de la r\u00e9gion de Cowansville ont \u00e9t\u00e9 form\u00e9es lors de la p\u00e9riode de l&rsquo;ordovicien. Pendant cette p\u00e9riode (de 500 \u00e0 435 millions d&rsquo;ann\u00e9es), une grande&nbsp;partie du continent \u00e9tait recouverte par l&rsquo;oc\u00e9an&nbsp;<em>Iap\u00e9tus<\/em>. Les s\u00e9diments qui s&rsquo;accumul\u00e8rent durant cette p\u00e9riode ont form\u00e9 le sous-sol de notre r\u00e9gion. La plupart des affleurements rocheux que l&rsquo;on voit le long des routes de la r\u00e9gion de Cowansville, ainsi qu&rsquo;une partie de la r\u00e9gion de Dunham et de Granby, se sont form\u00e9s durant c<strong>ette p\u00e9riode.<\/strong><\/strong><\/p>\n\n\n\n<figure class=\"wp-block-image aligncenter size-full\"><img loading=\"lazy\" decoding=\"async\" width=\"545\" height=\"506\" src=\"https:\/\/paleo.dbvision360.com\/wp-content\/uploads\/2024\/01\/xti-2-015sm-rotated.jpg\" alt=\"Fossiles ordovicien\" class=\"wp-image-358\" srcset=\"https:\/\/paleo.dbvision360.com\/wp-content\/uploads\/2024\/01\/xti-2-015sm-rotated.jpg 545w, https:\/\/paleo.dbvision360.com\/wp-content\/uploads\/2024\/01\/xti-2-015sm-300x279.jpg 300w\" sizes=\"auto, (max-width: 545px) 100vw, 545px\" \/><\/figure>\n<\/div>\n\n\n\n<p><\/p>\n\n\n\n<p><strong>C&rsquo;est durant la p\u00e9riode de l&rsquo;ordovicien que plusieurs sortes de poissons (vert\u00e9br\u00e9s) sont apparus, poss\u00e9dant des \u00e9cailles qui recouvraient une cuirasse faite de cartilage. Le plus vieux sp\u00e9cimen connu remonte \u00e0 470 millions d&rsquo;ann\u00e9es. Malheureusement, aucun sp\u00e9cimen n&rsquo;a \u00e9t\u00e9 retrouv\u00e9 dans la r\u00e9gion jusqu&rsquo;\u00e0 pr\u00e9sent. Certaines plantes aquatiques se sont aussi d\u00e9velopp\u00e9es en eau peu profonde. Ainsi on peut trouver une dizaine d&rsquo;esp\u00e8ces fossiles de Graptolites ainsi que des parties du fond marin, des trilobites, des bivalves et diff\u00e9rents autres fossiles marins dans la r\u00e9gion de Cowansville.<\/strong><\/p>\n\n\n\n<p><\/p>\n\n\n\n<p><strong><em><u>D\u00c9COUVERTE!<\/u><\/em><\/strong><\/p>\n\n\n\n<p><strong><em><u>26 septembre 2008<\/u><\/em><\/strong><\/p>\n\n\n\n<p><em><strong>Les plus vieilles roches du Qu\u00e9bec ont \u00e9t\u00e9&nbsp;<\/strong><strong>d\u00e9couverte par un groupe de scientifiques de l&rsquo;Universit\u00e9 McGill, de l&rsquo;UQAM et de l&rsquo;Institut des sciences Carnegie de Washington.<\/strong><\/em><\/p>\n\n\n\n<p><strong><em>Jonathan O\u2019Neil, un ancien \u00e9l\u00e8ve de la polyvalente Massey-Vanier de Cowansville faisait partie de ce groupe. M. O\u2019Neil \u00e9tait candidat au doctorat du d\u00e9partement des sciences plan\u00e9taires et de la Terre de l\u2019universit\u00e9 McGill de Montr\u00e9al. Il est coauteur d\u2019une recherche avec Richard Carlson, membre de la Carnegie Institution, Don Francis, professeur au d\u00e9partement des sciences plan\u00e9taires et de la Terre de McGill, et Ross K. Stevenson, professeur \u00e0 l&rsquo;Universit\u00e9 du Qu\u00e9bec \u00e0 Montr\u00e9al (UQAM). Les roches font partie de la ceinture de roches vertes de Nuvvuagittuq qui sont en surface, sur la rive est de la baie de Hudson.<br>Elles sont vieilles de 4,28 milliards d&rsquo;ann\u00e9es et seraient des restes de la premi\u00e8re croute terrestre \u00e0 s\u2019\u00eatre form\u00e9e..<\/em><\/strong><\/p>\n\n\n\n<h2 class=\"wp-block-heading\"><strong>GALERIE PHOTOS&nbsp;<em>G\u00e9ologie<\/em><\/strong><\/h2>\n\n\n\n<figure class=\"wp-block-gallery has-nested-images columns-default is-cropped wp-block-gallery-1 is-layout-flex wp-block-gallery-is-layout-flex\">\n<figure class=\"wp-block-image size-large\"><img loading=\"lazy\" decoding=\"async\" width=\"500\" height=\"339\" data-id=\"361\" src=\"https:\/\/paleo.dbvision360.com\/wp-content\/uploads\/2024\/01\/db_Hopewell_NB21.jpg\" alt=\"\" class=\"wp-image-361\" srcset=\"https:\/\/paleo.dbvision360.com\/wp-content\/uploads\/2024\/01\/db_Hopewell_NB21.jpg 500w, https:\/\/paleo.dbvision360.com\/wp-content\/uploads\/2024\/01\/db_Hopewell_NB21-300x203.jpg 300w\" sizes=\"auto, (max-width: 500px) 100vw, 500px\" \/><figcaption class=\"wp-element-caption\">Hopewell, NB.<\/figcaption><\/figure>\n\n\n\n<figure class=\"wp-block-image size-large\"><img loading=\"lazy\" decoding=\"async\" width=\"500\" height=\"340\" data-id=\"360\" src=\"https:\/\/paleo.dbvision360.com\/wp-content\/uploads\/2024\/01\/db_Coaticook1-1.jpg\" alt=\"\" class=\"wp-image-360\" srcset=\"https:\/\/paleo.dbvision360.com\/wp-content\/uploads\/2024\/01\/db_Coaticook1-1.jpg 500w, https:\/\/paleo.dbvision360.com\/wp-content\/uploads\/2024\/01\/db_Coaticook1-1-300x204.jpg 300w\" sizes=\"auto, (max-width: 500px) 100vw, 500px\" \/><figcaption class=\"wp-element-caption\">Coaticook, Qc.<\/figcaption><\/figure>\n\n\n\n<figure class=\"wp-block-image size-large\"><img loading=\"lazy\" decoding=\"async\" width=\"400\" height=\"267\" data-id=\"299\" src=\"https:\/\/paleo.dbvision360.com\/wp-content\/uploads\/2024\/01\/db_Cowansville1.jpg\" alt=\"\" class=\"wp-image-299\" srcset=\"https:\/\/paleo.dbvision360.com\/wp-content\/uploads\/2024\/01\/db_Cowansville1.jpg 400w, https:\/\/paleo.dbvision360.com\/wp-content\/uploads\/2024\/01\/db_Cowansville1-300x200.jpg 300w\" sizes=\"auto, (max-width: 400px) 100vw, 400px\" \/><figcaption class=\"wp-element-caption\">Cowansville, Qc<\/figcaption><\/figure>\n\n\n\n<figure class=\"wp-block-image size-large\"><img loading=\"lazy\" decoding=\"async\" width=\"642\" height=\"448\" data-id=\"131\" src=\"https:\/\/paleo.dbvision360.com\/wp-content\/uploads\/2024\/01\/Joggins.jpg\" alt=\"\" class=\"wp-image-131\" srcset=\"https:\/\/paleo.dbvision360.com\/wp-content\/uploads\/2024\/01\/Joggins.jpg 642w, https:\/\/paleo.dbvision360.com\/wp-content\/uploads\/2024\/01\/Joggins-300x209.jpg 300w\" sizes=\"auto, (max-width: 642px) 100vw, 642px\" \/><figcaption class=\"wp-element-caption\">Joggins, N\u00c9.<\/figcaption><\/figure>\n\n\n\n<figure class=\"wp-block-image size-large\"><img loading=\"lazy\" decoding=\"async\" width=\"322\" height=\"480\" data-id=\"132\" src=\"https:\/\/paleo.dbvision360.com\/wp-content\/uploads\/2024\/01\/STRAT.jpeg\" alt=\"\" class=\"wp-image-132\" srcset=\"https:\/\/paleo.dbvision360.com\/wp-content\/uploads\/2024\/01\/STRAT.jpeg 322w, https:\/\/paleo.dbvision360.com\/wp-content\/uploads\/2024\/01\/STRAT-201x300.jpeg 201w\" sizes=\"auto, (max-width: 322px) 100vw, 322px\" \/><figcaption class=\"wp-element-caption\">Nouvelle-\u00c9cosse.<\/figcaption><\/figure>\n\n\n\n<figure class=\"wp-block-image size-large\"><img loading=\"lazy\" decoding=\"async\" width=\"458\" height=\"314\" data-id=\"128\" src=\"https:\/\/paleo.dbvision360.com\/wp-content\/uploads\/2024\/01\/DCP_3054r.jpg\" alt=\"\" class=\"wp-image-128\" srcset=\"https:\/\/paleo.dbvision360.com\/wp-content\/uploads\/2024\/01\/DCP_3054r.jpg 458w, https:\/\/paleo.dbvision360.com\/wp-content\/uploads\/2024\/01\/DCP_3054r-300x206.jpg 300w\" sizes=\"auto, (max-width: 458px) 100vw, 458px\" \/><figcaption class=\"wp-element-caption\">Joliette, Qc.<\/figcaption><\/figure>\n<\/figure>\n\n\n\n<h2 class=\"wp-block-heading\">R\u00e9f\u00e9rences<\/h2>\n\n\n\n<p><strong>PLUS D\u2019INFOS:<br><a href=\"http:\/\/www2.ggl.ulaval.ca\/personnel\/bourque\/intro.pt\/planete_terre.html\" target=\"_blank\" rel=\"noreferrer noopener\">Un cours d&rsquo;introduction et de culture scientifique en Sciences de la Terre<\/a><br>par Pierre-Andr\u00e9 Bourques (<em>Aussi sur T\u00e9l\u00e9-Universit\u00e9)<\/em><\/strong><\/p>\n\n\n\n<p><strong><\/strong><strong><em>Ref.:&nbsp;<a href=\"http:\/\/www.nouvelles.uqam.ca\/index.php?article=757\" target=\"_blank\" rel=\"noreferrer noopener\">http:\/\/www.nouvelles.uqam.ca\/index.php?article=757<\/a><br>Ref.:&nbsp;<a href=\"http:\/\/www.radio-canada.ca\/nouvelles\/Science-Sante\/2008\/09\/26\/001-roche-quebec.shtml\" target=\"_blank\" rel=\"noreferrer noopener\">http:\/\/www.radio-canada.ca\/nouvelles\/Science-Sante\/2008\/09\/26\/001-roche-quebec.shtml<\/a><\/em><br><em>Ref.:&nbsp;<a href=\"http:\/\/www.erudit.org\/revue\/cgq\/1993\/v37\/n101\/022353ar.pdf\" target=\"_blank\" rel=\"noreferrer noopener\">Carte G\u00e9ologique du sud du Qu\u00e9bec<\/a><\/em><\/strong><\/p>\n","protected":false},"excerpt":{"rendered":"<p>Sur ces pages nous verrons ce qu\u2019est une formation rocheuse, une roche, une pierre et une gemme. L\u2019histoire g\u00e9ologique de ma r\u00e9gion (Cowansville), remonte \u00e0 des millions d\u2019ann\u00e9es. Gr\u00e2ce aux fossiles que l\u2019on trouve dans certaines roches on peut conna\u00eetre une partie de l\u2019histoire des \u00eatres qui y ont v\u00e9cus. Les fossiles qu&rsquo;on trouve sont [&hellip;]<\/p>\n","protected":false},"author":1,"featured_media":0,"parent":0,"menu_order":1,"comment_status":"closed","ping_status":"closed","template":"","meta":{"site-container-style":"default","site-container-layout":"default","site-sidebar-layout":"default","site-transparent-header":"default","disable-article-header":"default","disable-site-header":"default","disable-site-footer":"default","disable-content-area-spacing":"default","footnotes":""},"class_list":["post-72","page","type-page","status-publish","hentry"],"_links":{"self":[{"href":"https:\/\/paleo.dbvision360.com\/index.php\/wp-json\/wp\/v2\/pages\/72","targetHints":{"allow":["GET"]}}],"collection":[{"href":"https:\/\/paleo.dbvision360.com\/index.php\/wp-json\/wp\/v2\/pages"}],"about":[{"href":"https:\/\/paleo.dbvision360.com\/index.php\/wp-json\/wp\/v2\/types\/page"}],"author":[{"embeddable":true,"href":"https:\/\/paleo.dbvision360.com\/index.php\/wp-json\/wp\/v2\/users\/1"}],"replies":[{"embeddable":true,"href":"https:\/\/paleo.dbvision360.com\/index.php\/wp-json\/wp\/v2\/comments?post=72"}],"version-history":[{"count":11,"href":"https:\/\/paleo.dbvision360.com\/index.php\/wp-json\/wp\/v2\/pages\/72\/revisions"}],"predecessor-version":[{"id":368,"href":"https:\/\/paleo.dbvision360.com\/index.php\/wp-json\/wp\/v2\/pages\/72\/revisions\/368"}],"wp:attachment":[{"href":"https:\/\/paleo.dbvision360.com\/index.php\/wp-json\/wp\/v2\/media?parent=72"}],"curies":[{"name":"wp","href":"https:\/\/api.w.org\/{rel}","templated":true}]}}